 divided by 89056.
434
Calculate the remainder when 41691899 is divided by 66707.
24
What is the remainder when 2448793598 is divided by 704?
702
What is the remainder when 2176698 is divided by 1164?
18
What is the remainder when 5229236 is divided by 49801?
131
What is the remainder when 1446442 is divided by 13270?
12
What is the remainder when 2767581 is divided by 5?
1
Calculate the remainder when 1228205 is divided by 409400.
5
Calculate the remainder when 10426 is divided by 2483.
494
Calculate the remainder when 4918025 is divided by 2009.
2002
What is the remainder when 5316377 is divided by 256?
25
What is the remainder when 11724149 is divided by 15?
14
Calculate the remainder when 869819 is divided by 26351.
236
What is the remainder when 45305 is divided by 1424?
1161
Calculate the remainder when 156101499 is divided by 261.
9
Calculate the remainder when 14633392 is divided by 17.
13
Calculate the remainder when 241182 is divided by 1580.
1022
Calculate the remainder when 154507 is divided by 221.
28
Calculate the remainder when 619053 is divided by 103154.
129
Calculate the remainder when 10178349 is divided by 1894.
1887
What is the remainder when 28670612 is divided by 173?
14
Calculate the remainder when 363076 is divided by 1973.
44
What is the remainder when 1047915 is divided by 790?
375
Calculate the remainder when 264210 is divided by 4985.
5
Calculate the remainder when 7177490 is divided by 133.
12
What is the remainder when 834706 is divided by 783?
28
What is the remainder when 273160804 is divided by 176?
4
Calculate the remainder when 22794799 is divided by 3277.
3264
What is the remainder when 86083047 is divided by 5604?
3
What is the remainder when 5785000 is divided by 215?
210
Calculate the remainder when 34172545 is divided by 225.
220
Calculate the remainder when 13013549 is divided by 263.
46
What is the remainder when 9236565 is divided by 3078853?
6
What is the remainder when 2871047 is divided by 74?
69
Calculate the remainder when 179692602 is divided by 4529.
4527
What is the remainder when 7977 is divided by 2286?
1119
Calculate the remainder when 14584743 is divided by 216.
207
What is the remainder when 1034228 is divided by 6156?
20
What is the remainder when 10969 is divided by 1564?
21
Calculate the remainder when 12627285 is divided by 761.
12
What is the remainder when 11324715 is divided by 2831172?
27
Calculate the remainder when 11898927 is divided by 129336.
15
What is the remainder when 2900280 is divided by 245?
215
What is the remainder when 519387 is divided by 8502?
765
Calculate the remainder when 8873983 is divided by 806723.
30
Calculate the remainder when 15232164 is divided by 41.
8
What is the remainder when 1950852 is divided by 115?
107
What is the remainder when 237802 is divided by 18070?
2892
What is the remainder when 7299820 is divided by 33181?
0
What is the remainder when 3585692 is divided by 8660?
452
What is the remainder when 125406286 is divided by 6550?
6536
What is the remainder when 3716770 is divided by 3716767?
3
What is the remainder when 1071864 is divided by 11930?
10094
Calculate the remainder when 796789 is divided by 16952.
45
What is the remainder when 14334 is divided by 255?
54
Calculate the remainder when 185451 is divided by 570.
201
What is the remainder when 1058273 is divided by 66?
29
What is the remainder when 27679 is divided by 3411?
391
What is the remainder when 172212 is divided by 38?
34
What is the remainder when 1205983 is divided by 1193?
1053
What is the remainder when 249278343 is divided by 7?
6
Calculate the remainder when 1915065 is divided by 117.
9
Calculate the remainder when 10094638 is divided by 24.
22
What is the remainder when 445859 is divided by 15?
14
Calculate the remainder when 56312 is divided by 23.
8
What is the remainder when 2803913376 is divided by 699?
696
What is the remainder when 113809 is divided by 164?
157
What is the remainder when 94004494 is divided by 10?
4
Calculate the remainder when 126582 is divided by 15803.
158
Calculate the remainder when 8549706 is divided by 1853.
1817
What is the remainder when 26180 is divided by 4694?
2710
Calculate the remainder when 1022639 is divided by 4650.
4289
Calculate the remainder when 735645 is divided by 6714.
3819
Calculate the remainder when 1067906 is divided by 692.
150
Calculate the remainder when 7283405 is divided by 102577.
438
Calculate the remainder when 256703 is divided by 419.
275
What is the remainder when 11763530 is divided by 138?
134
What is the remainder when 3603973 is divided by 1302?
37
Calculate the remainder when 122656357 is divided by 136.
133
Calculate the remainder when 27786584 is divided by 6946646.
0
What is the remainder when 173138 is divided by 2751?
2576
Calculate the remainder when 2304541 is divided by 1247.
85
What is the remainder when 640451118 is divided by 6140?
6138
What is the remainder when 13777952 is divided by 24?
8
Calculate the remainder when 1543208 is divided by 866.
862
Calculate the remainder when 134645 is divided by 4097.
3541
What is the remainder when 61804146 is divided by 14?
12
What is the remainder when 1438456 is divided by 175?
131
What is the remainder when 1614272 is divided by 12319?
483
What is the remainder when 9730934 is divided by 2237?
2221
Calculate the remainder when 50723 is divided by 8384.
419
What is the remainder when 68260233 is divided by 66?
63
Calculate the remainder when 2134903 is divided by 1063.
399
What is the remainder when 772293 is divided by 170?
153
Calculate the remainder when 579022 is divided by 144629.
506
Calculate the remainder when 844249 is divided by 34970.
4969
Calculate the remainder when 37212 is divided by 2327.
2307
What is the remainder when 92837 is divided by 1533?
857
Calculate the remainder when 20598739 is divided by 25.
14
What is the remainder when 14991305 is divided by 59?
54
What is the remainder when 777668 is divided by 3310?
3128
What is the remainder when 187161 is divided by 12462?
231
What is the remainder when 51946 is divided by 3419?
661
Calculate the remainder when 496339 is divided by 2077.
2013
What is the remainder when 49584 is divided by 24743?
98
Calculate the remainder when 400792 is divided by 813.
796
What is the remainder when 29319709 is divided by 230?
229
What is the remainder when 573105 is divided by 14693?
78
What is the remainder when 2110661 is divided by 2706?
2687
Calculate the remainder when 8066 is divided by 3839.
388
Calculate the remainder when 6866698 is divided by 3433308.
82
Calculate the remainder when 334088 is divided by 5963.
160
Calculate the remainder when 3422033 is divided by 180.
53
Calculate the remainder when 2194666 is divided by 21.
19
Calculate the remainder when 391724587 is divided by 92.
87
Calculate the remainder when 10885344 is divided by 71146.
6
What is the remainder when 1454289 is divided by 222?
189
What is the remainder when 2454263 is divided by 3091?
9
Calculate the remainder when 192843 is divided by 18.
9
Calculate the remainder when 2479707207 is divided by 255.
252
Calculate the remainder when 390490 is divided by 8720.
6810
What is the remainder when 2924 is divided by 917?
173
Calculate the remainder when 25527 is divided by 7769.
2220
Calculate the remainder when 621147 is divided by 207036.
39
What is the remainder when 2712696 is divided by 339087?
0
What is the remainder when 877024 is divided by 119?
113
Calculate the remainder when 169623711 is divided by 23.
22
Calculate the remainder when 80411905 is divided by 1011.
1009
Calculate the remainder when 26569223 is divided by 792.
791
What is the remainder when 27291233 is divided by 258?
251
What is the remainder when 397992 is divided by 264?
144
Calculate the remainder when 91325 is divided by 552.
245
Calculate the remainder when 21205591 is divided by 20.
11
Calculate the remainder when 654194 is divided by 3.
2
What is the remainder when 527107 is divided by 139?
19
What is the remainder when 226347 is divided by 70?
37
What is the remainder when 9792140 is divided by 459?
293
Calculate the remainder when 5314101 is divided by 145.
141
What is the remainder when 3607599 is divided by 901887?
51
What is the re